t of 142168?
8
What is the thousands digit of 953560?
3
What is the units digit of 12893037?
7
What is the ten thousands digit of 523436?
2
What is the thousands digit of 689814?
9
What is the ten thousands digit of 10572572?
7
What is the thousands digit of 3503323?
3
What is the thousands digit of 559364?
9
What is the ten thousands digit of 6416327?
1
What is the hundreds digit of 742986?
9
What is the tens digit of 3686111?
1
What is the hundred thousands digit of 4200450?
2
What is the units digit of 7035768?
8
What is the hundred thousands digit of 1161928?
1
What is the hundred thousands digit of 3568745?
5
What is the units digit of 162662?
2
What is the ten thousands digit of 28102?
2
What is the units digit of 357513?
3
What is the tens digit of 4261807?
0
What is the units digit of 274132?
2
What is the units digit of 4132389?
9
What is the ten thousands digit of 660220?
6
What is the thousands digit of 9598045?
8
What is the units digit of 449557?
7
What is the thousands digit of 9350863?
0
What is the units digit of 3260095?
5
What is the thousands digit of 23526370?
6
What is the units digit of 1521413?
3
What is the hundreds digit of 2001680?
6
What is the tens digit of 9548772?
7
What is the hundreds digit of 929052?
0
What is the millions digit of 5801386?
5
What is the units digit of 3070180?
0
What is the millions digit of 19338049?
9
What is the millions digit of 1573220?
1
What is the tens digit of 9407819?
1
What is the tens digit of 635725?
2
What is the tens digit of 21999987?
8
What is the thousands digit of 4368267?
8
What is the hundred thousands digit of 214203?
2
What is the thousands digit of 12057356?
7
What is the units digit of 1483302?
2
What is the ten thousands digit of 20785708?
8
What is the hundreds digit of 9814760?
7
What is the units digit of 8459505?
5
What is the ten thousands digit of 1291549?
9
What is the units digit of 27131585?
5
What is the hundreds digit of 501697?
6
What is the thousands digit of 215192?
5
What is the thousands digit of 3732588?
2
What is the ten thousands digit of 7170277?
7
What is the units digit of 308150?
0
What is the hundreds digit of 489415?
4
What is the hundred thousands digit of 3342326?
3
What is the hundred thousands digit of 5277405?
2
What is the tens digit of 4581268?
6
What is the tens digit of 6189779?
7
What is the ten thousands digit of 9870620?
7
What is the hundreds digit of 170818?
8
What is the units digit of 242902?
2
What is the hundred thousands digit of 393283?
3
What is the ten thousands digit of 79469?
7
What is the ten millions digit of 11735648?
1
What is the millions digit of 24310734?
4
What is the thousands digit of 15714633?
4
What is the ten thousands digit of 2291293?
9
What is the thousands digit of 86862?
6
What is the tens digit of 264201?
0
What is the millions digit of 4099966?
4
What is the ten thousands digit of 384254?
8
What is the hundreds digit of 1278029?
0
What is the ten thousands digit of 8985859?
8
What is the units digit of 125499?
9
What is the thousands digit of 176719?
6
What is the hundred thousands digit of 2134639?
1
What is the tens digit of 2924906?
0
What is the hundreds digit of 6320?
3
What is the ten thousands digit of 15435870?
3
What is the ten thousands digit of 198298?
9
What is the ten thousands digit of 103182?
0
What is the ten thousands digit of 5590871?
9
What is the ten thousands digit of 16529840?
2
What is the ten thousands digit of 163121?
6
What is the hundreds digit of 74383?
3
What is the hundreds digit of 90865?
8
What is the thousands digit of 531186?
1
What is the units digit of 27365?
5
What is the thousands digit of 16334?
6
What is the tens digit of 94077?
7
What is the hundreds digit of 16489537?
5
What is the units digit of 27530996?
6
What is the ten millions digit of 17922926?
1
What is the tens digit of 1129122?
2
What is the ten thousands digit of 286006?
8
What is the thousands digit of 4741927?
1
What is the thousands digit of 331757?
1
What is the thousands digit of 55116?
5
What is the units digit of 305216?
6
What is the ten thousands digit of 513610?
1
What is the hundred thousands digit of 2924953?
9
What is the thousands digit of 80142?
0
What is the hundred thousands digit of 801742?
8
What is the hundred thousands digit of 3330529?
3
What is the tens digit of 204574?
7
What is the tens digit of 322210?
1
What is the tens digit of 1146933?
3
What is the hundred thousands digit of 6643636?
6
What is the thousands digit of 5440374?
0
What is the hundred thousands digit of 715609?
7
What is the hundreds digit of 33390624?
6
What is the ten thousands digit of 7466663?
6
What is the ten thousands digit of 816560?
1
What is the thousands digit of 383026?
3
What is the thousands digit of 848991?
8
What is the hundred thousands digit of 889463?
8
What is the tens digit of 135007?
0
What is the ten millions digit of 17580383?
1
What is the tens digit of 23631?
3
What is the units digit of 9326017?
7
What is the hundreds digit of 1654020?
0
What is the hundred thousands digit of 183069?
1
What is the tens digit of 22203128?
2
What is the ten millions digit of 26290382?
2
What is the ten thousands digit of 218901?
1
What is the ten thousands digit of 15337507?
3
What is the thousands digit of 15176712?
6
What is the millions digit of 11924735?
1
What is the thousands digit of 1178205?
8
What is the tens digit of 914056?
5
What is the tens digit of 455391?
9
What is the millions digit of 2807111?
2
What is the thousands digit of 458050?
8
What is the ten thousands digit of 11267073?
6
What is the tens digit of 1001105?
0
What is the hundred thousands digit of 23776210?
7
What is the thousands digit of 11534372?
4
What is the millions digit of 17115001?
7
What is the hundred thousands digit of 398435?
3
What is the hundreds digit of 398044?
0
What is the hundred thousands digit of 21966880?
9
What is the hundred thousands digit of 2080100?
0
What is the hundred thousands digit of 569506?
5
What is the ten millions digit of 18821800?
1
What is the hundred thousands digit of 198839?
1
What is the thousands digit of 639072?
9
What is the tens digit of 486102?
0
What is the tens digit of 2815526?
2
What is the hundreds digit of 127294?
2
What is the hundred thousands digit of 4759201?
7
What is the hundreds digit of 185034?
0
What is the tens digit of 186?
8
What is the hundreds digit of 165329?
3
What is the hundreds digit of 7944?
9
What is the millions digit of 1289256?
1
What is the hundred thousands digit of 737498?
7
What is the thousands digit of 7819187?
9
What is the thousands digit of 159863?
9
What is the hundred thousands digit of 539170?
5
What is the hundreds digit of 1101431?
4
What is the hundred thousands digit of 933901?
9
What is the hundreds digit of 11440521?
5
What is the ten thousands digit of 134153?
3
What is the hundred thousands digit of 8949282?
9
What is the hundred thousands digit of 6674161?
6
What is the units digit of 4551?
1
What is the thousands digit of 18462025?
2
What is the thousands digit of 31488819?
8
What is the millions digit of 1859312?
1
What is the hundred thousands digit of 7793998?
7
What is the thousands digit of 953573?
3
What is the hundred thousands digit of 937974?
9
What is the units digit of 925637?
7
What is the millions digit of 1428489?
1
What is the ten thousands digit of 14894997?
9
What is the tens digit of 623654?
5
What is the thousands digit of 151242?
1
What is the ten thousands digit of 757754?
5
What is the thousands digit of 392710?
2
What is the tens digit of 9860361?
6
What is the ten thousands digit of 609329?
0
What is the units digit of 3361802?
2
What is the tens digit of 325304?
0
What is the ten thousands digit of 21578871?
7
What is the tens digit of 22990017?
1
What is the units digit of 9585953?
3
What is the thousands digit of 167841?
7
What is the thousands digit of 115763?
5
What is the units digit of 1810822?
2
What is the millions digit of 1397780?
1
What is the hundreds digit of 6135401?
4
What is the hundred thousands digit of 194347?
1
What is the hundred thousands digit of 28694238?
6
What is the units digit of 744392?
2
What is the millions digit of 14621975?
4
What is the hundreds digit of 575833